 - (-4 - -2 - -4).
-2
Calculate -9 + -1 + -10 + 11 - -21.
12
Calculate 4 + (1 - -4 - 7 - (27 + -33)).
8
Evaluate 30 + -65 + (2 - -29).
-4
Evaluate (0 - (4 + -2)) + -14 + 11 - -9.
4
What is (18 - (-71 - -35)) + -34?
20
What is the value of (7 - 11) + -8 + 9 + 7 + -33?
-29
Calculate -6 + -1 - ((1 - 14) + (82 - 75)).
-1
-2 - 4 - (-176 + 169 - (-5 - 0))
-4
-1 + -2 + -26 + (53 - 14)
10
What is 4 - ((15 + -5 - 0) + (0 - -2))?
-8
What is the value of 1 - -3 - 5 - (14 + -12)?
-3
What is -12 + (0 - -6 - (13 + (1 - 8)))?
-12
Evaluate -12 + -24 + 8 + 2 + -2.
-28
What is the value of 16 + 2 - 0 - (1 - 0 - -1)?
16
(-4 - (23 - 43)) + -36
-20
What is 5 + (-13 + 13 + 5 - -7)?
17
Evaluate -9 - (3 - 4) - (-16 - -17).
-9
12 + -33 + 10 + (11 - -3) + -8
-5
Evaluate (4 - -1) + -7 + (-18 - -18) + -2.
-4
What is the value of (1 - (6 - -1)) + -8 + 13 - -5?
4
What is 21 - (8 - -5 - 5)?
13
What is (-12 - 5 - (6 + -10)) + 15?
2
5 - (-12 + (95 + -83 - (-1 - -12)))
16
Calculate (-1 - (-26 + 13)) + 13 + 0.
25
Evaluate (130 + -46 - 117) + (-1 - (0 - 11)).
-23
(1 - 13) + (17 - 10) + (-2 - 6)
-13
Evaluate 24 - ((-13 - -11) + (-1 - 2)).
29
Evaluate 11 + 19 + -13 + -19.
-2
Calculate (-10 - 0) + (174 - 157).
7
What is the value of -14 - (38 + -70) - 13?
5
-7 + (-8 - 1) + (14 - 12) + 4
-10
Evaluate -14 - (2 - 14) - (1 + 5 + -3).
-5
Evaluate 4 + (-7 - (2 + -3 + 2 + 3)).
-7
16 + -29 - -16 - 8
-5
Evaluate 15 - ((-1 - 19) + 19).
16
(-93 - -91) + (0 - (0 + (-1 - -1)))
-2
Evaluate (-31 - (-49 + -5)) + 6.
29
Evaluate 1 - (6 + 13 + -29).
11
What is the value of -17 + 20 - 31 - -24?
-4
(4 - 3) + -7 - (-1 + 5 - 19)
9
(-6 - (-2 + 6 + 6)) + 7
-9
What is 6 - (21 + (-19 - -2) + 1 + -28)?
29
Calculate (-10 - -2 - -4) + 12 + -1 - 8.
-1
Calculate -4 + -28 + 36 + (-18 - -2).
-12
What is -24 - -2 - (2 + -11)?
-13
5 - (7 + -9 + -1) - 13 - -27
22
What is -11 - -2 - (95 + -90)?
-14
76 + -41 + -35 - (-14 + (2 - 1))
13
-4 - (3 - (0 + (-9 - -3 - -8)))
-5
Evaluate (12 - -1) + (-136 - -118).
-5
What is the value of 6 - ((-23 - -33) + -3 + -14 - 26)?
39
(-5 + 16 + -3 - 2) + (8 - -1)
15
Evaluate 22 + -90 + 75 - (-1 + 1).
7
What is the value of 5 + -3 - 4 - (9 + 2 + -3)?
-10
What is 1 + 1 + 13 - (-38 - (-53 - -10))?
10
What is (19 - 1) + 1 + -856 + 844?
7
Calculate -16 - -2 - (-22 - -4).
4
44 + -25 - (7 + 2)
10
Evaluate -2 - ((-3 - -6) + 2 + -4) - 8.
-11
What is the value of (0 - 3) + (10 - (25 - 8))?
-10
What is -69 + 10 + (82 - 62)?
-39
What is the value of (10 - (1 + -6)) + 1 + (9 - 10)?
15
-6 + -1 + 7 - (2 - (-3 - 2))
-7
5 - -15 - 37 - -30
13
Evaluate -7 + -14 + 17 + -7.
-11
What is -8 + 6 - (-3 + (1 - 11))?
11
15 + (-10 - 1) + 0
4
What is the value of -5 - (8 - 29) - 10?
6
What is 3 + -11 - (-48 - -60)?
-20
(-14 - 1) + (31 - (50 + -4))
-30
What is 1 - 1 - -17 - (-2151 + 2158)?
10
What is 5 + 22 + -27 + -19?
-19
Evaluate -5 - (18 + -3 + 5 + -2 + -6).
-17
2 + (-6 - -9) - -14
19
What is the value of (25 + -3 - (55 - 44)) + (20 - 2)?
29
Calculate -6 - (-1 - 10 - (3 - -7)).
15
Calculate -12 - (-13 - (18 + -10)).
9
Evaluate (3 - (-2 + 0 + 13)) + (-5 - -9).
-4
Evaluate (-9 - (-9 + 7)) + -51 + 37.
-21
Evaluate 7 - (4 - (4 - 0) - 3).
10
Evaluate 21 + -22 + 7 + 0 + -10.
-4
What is the value of -2 + -10 + 10 + -4 + -3 + 5?
-4
Evaluate (-4 + 3 - (-7 + 24)) + 6.
-12
What is the value of 28 - (-67 + 73 + -3 + 10)?
15
Calculate 2 + 5 + (1 - 8 - (-6 + 3)).
3
What is 23 + (-73 + -27 - -43)?
-34
What is 9 + -1 + (8 - (-2 + (33 - 14)))?
-1
Evaluate -46 - (-19 - -23) - -39.
-11
-60 + 25 + 18 - 21
-38
0 - -11 - (10 + -25 - -35)
-9
What is (1 - 3) + 1 + 7 + -3?
3
Evaluate -373 + 333 + (32 - 0).
-8
What is the value of 5 + (-3 - 11) + 8 + -5?
-6
Evaluate -1 + (-6 - ((-11 - -4) + (22 - 21))).
-1
What is the value of 33 - 4 - (3 + -5 + (2 - -3))?
26
(18 + -34 - -17) + 2
3
Calculate -3 - (2 - 4) - -13.
12
Evaluate -5 + -12 - -10 - -8.
1
Calculate 2 - -1 - -6 - (-3 + 1) - -1.
12
What is 10 + (19 - (-3 + 36))?
-4
71 - (-39 - -83) - (-2 + 11)
18
What is the value of 44 - (-8 + 43) - 46?
-37
Evaluate (17 - 16) + -4 + 0 + 17.
14
What is 2 + -10 - (-59 + 16 - (0 + -15))?
20
Evaluate -6 + (-11 - (6 - 27)).
4
Evaluate -24 + -8 + 35 + -29.
-26
What is 2 - -10 - 0 - (18 + -33 - -17)?
10
What is 0 + -2 + 6 + -4 + -1 + 11?
10
-17 + (8 - ((-2 - (9 + -14)) + 1))
-13
What is (-1 - (1 + -3) - (22 - 8)) + 1?
-12
What is -6 + 2 - (10 + -12 + 5)?
-7
What is -7 - (-13 + 20 - 44 - -12)?
18
-38 + 50 - (-1 + 5)
8
5 + (-8 - (-4 + -3) - (5 - 4))
3
What is the value of -4 + 2 + (-6 - -23) + -1 + 1?
15
(-72 - (-14 - 9)) + 22
-27
Calculate (-1 - 10) + (4 - (0 + 26)).
-33
Evaluate -19 + 15 + 12 - ((3 - -10) + 1).
-6
9 + -2 + (-20 - -5)
-8
What is the value of (-11 - (4 - 15)) + (-5 - 0) + 2?
-3
(-3 - 6) + (25 - (12 + -10))
14
Evaluate 3 - (-4 + 10 + -3) - (18 + -15).
-3
Evaluate 8 + 7 + 0 + -1 + -7 + 5.
12
What is the value of (-14 - -6 - -11) + 1 + 1?
5
Evaluate 10 + (-3 - (2 + 4 - 11)) + -26.
-14
What is (6 + -16 - -15) + -4?
1
Calculate 15 + 0 - (-40 - -39).
16
What is 25 - (5 - (-48 - -21))?
-7
Calculate (-1 + 5 - (-2 - (-11 + 23))) + 4.
22
(6 + -15 - -12 - (12 + -2)) + 15
8
Calculate (0 - (3 - 4 - 1)) + 311 + -297.
16
What is (-75 - -78) + (2 - -17) + -2?
20
What is the value of 5 - 13 - -20 - 17 - 7?
-12
What is 65 - 66 - (-1 + -1 - -5) - 3?
-7
What is the value of (3 + -1 - (-48 + 46)) + -19?
-15
Calculate -10 - (0 + -2) - (-760 - -772).
-20
What is the value of 3 + -2 - (-88 + 96)?
-7
Evaluate -11 + 24 + -5 - -5 - (-13 + 2).
24
-17 + (2 - 0) + (15 - (-2 - -15))
-13
Calculate -4 + -1 - (-12 - (21 + -35)).
-7
Calculate 25 - (62 + -31) - -10.
4
What is 5 + (-2 + -6 - (-18 - (-27 - -8)))?
-4
What is the value of (16 - 41) + 18 - (-12 - -2)?
3
Calculate (3 - 2) + -3 + -6 + -220 + 221.
-7
What is the value of -22 + (8 - -5) + (12 - -1)?
4
What is (-66 - -16 - -23) + (5 - 0)?
-22
Calculate 40 - 22 - (0 + 25).
-7
19 + -2 + -19 + 14
12
What is the value of -7 + 3 + 19 - ((3 - -1) + 6)?
5
What is the value of 6 + 6 - (21 - -1)?
-10
What is (6 - (20 + -3)) + (14 + -8 - 13)?
-18
What is (-98 - -110) + (2 - (-2 + 0))?
16
What is the value of -2 + 18 + (123 - 147)?
-8
Calculate -2 + (5 - ((-7 - -3) + (-2 - -5))).
4
What is the value of 23 - (-30 + 31 + -9)?
31
Calculate 36 + -38 + 17 + -3 + -8 + 32.
36
What is the value of 36 - (-12 - 6 - -53)?
1
(0 - -11) + 7 + (-7 - -3)
14
Evaluate 4 - (10 + 3 - 12).
3
What is the value of -10 - -15 - (-4 + 10 - -5)?
-6
Evaluate (7 - -2) + 0 + -1 + -2.
6
What is (-5 - (-2 - -5 - 5)) + (-27 - -8)?
-22
What is -13 + -4 + 3 + 4 + -39 + 29?
-20
0 + -6 + 7 - (-1 - -1) - 6
-5
What is 20 - (11 - (-1 - (7 + -7 - 7)))?
15
3 - -7 - 3 - (-28 - -52 - 34)
17
What is the value of 0 + 4 - (5 + -3 + -1 + 6)?
-3
Evaluate -8 + 1 + -3 + 6 + -10 + 9.
-5
What is the value of (-623 - -611) + 13 + 0?
1
What is -12 - ((-52 - 1) + (28 - (27 + -5)))?
35
Evaluate (-21 - (-42 + 20)) + 7.
8
Evaluate 33 - 34 - (0 + -1 - (2 + 2)).
4
What is the value of -12 + 7 - -8 - 14?
-11
5 - -13 - -1 - 4
15
What is the value of 40 + 5 + -21 + 1?
25
Evaluate -7 + -1 + 3 + 11 + -11 + -26.
-31
13 - (-10 - -18 - 9 - 7 - -3)
18
What is the value of -207 - -182 - (-5 + (2 - 1))?
-21
Calculate -19 + 23 + -18 + 6.
-8
What is the value of 0 - 4 - (182 + -178)?
-8
Calculate 5 + 12 + -18 - 12.
-13
What is -4 + 17 + 1 + -16?
-2
Evaluate 0 + 9 + -24 + 17.
2
What is (3 - 0) + -15 + 6 + 0?
-6
What is the value of (-1 - 16) + -27 + 5 + 37?
-2
What is the value of -41 + 31 - -15 - (-1 - -16)?
-10
Evaluate -7 - (9 - (-16 + 26) - (-1 + -1)).
-8
What is the value of -12 + 8 - -16 - 6?
6
-22 + (28 - 6) + -28
-28
Calculate (-3 + 0 - 2) + (19 + -8 - 6).
0
-1 + 25 + -7 + 3
20
-9 - (-22 + 13 - 12)
12
What is the value of 29 - (-1 - (-5 - (9 + -2 + -2)))?
20
What is the value of 23 + -34 - (7 - 11)?
-7
What is the value of 1 - ((-6 - 2) + 7)?
2
What is (4 + 3 - (15 + -1)) + -2?
-9
(22 - 0 - (79 - 66)) + -25
-16
Calculate 3 + (-11 - -3) + -11 + 21.
5
Calculate -1 + -18 + (-10 - (-5 + -1)) - -6.
-17
Evaluate 4 + (4 - (14 - 10)) - (1 + -8).
11
Calculate (-12 - (-9 - -3) - -8) + -4 - 33.
-35
Evaluate -14 + 17 + -5 + 4 + 1.
3
What is the value of (2 + -9 - (23 + -25)) + (22 - 6)?
11
Calculate 23 + 2 + -32 - (0 + -18 + 0).
11
What is -1 + 5 + -10 + 13 + 12 + -9?
10
What is the value of (78 - 48) + 